ple of 10?
True
Is 9207 a multiple of 93?
True
Is 141021 a multiple of 81?
True
Is 11 a factor of 3927?
True
Does 9 divide 433?
False
Does 152 divide 77410?
False
Does 63 divide 1528?
False
Does 19 divide 24482?
False
Is 49 a factor of 3412?
False
Is 570 a multiple of 18?
False
Is 25 a factor of 780?
False
Does 46 divide 368?
True
Is 42 a factor of 2772?
True
Does 4 divide 1536?
True
Does 16 divide 57?
False
Is 29 a multiple of 20?
False
Is 17 a factor of 401?
False
Is 10 a factor of 8290?
True
Is 45 a factor of 8139?
False
Does 32 divide 2272?
True
Does 5 divide 4722?
False
Is 1643 a multiple of 16?
False
Does 8 divide 314?
False
Is 19575 a multiple of 87?
True
Is 38 a factor of 2258?
False
Is 3932 a multiple of 15?
False
Is 798 a multiple of 14?
True
Does 13 divide 624?
True
Does 4 divide 5576?
True
Is 1572 a multiple of 131?
True
Does 4 divide 13960?
True
Is 131 a multiple of 17?
False
Does 20 divide 204?
False
Is 42550 a multiple of 185?
True
Is 61 a factor of 160?
False
Is 4811 a multiple of 21?
False
Does 121 divide 8687?
False
Is 9 a factor of 7057?
False
Is 14016 a multiple of 192?
True
Is 1265 a multiple of 2?
False
Is 2 a factor of 6?
True
Is 4160 a multiple of 3?
False
Is 11848 a multiple of 100?
False
Is 13 a factor of 56472?
True
Does 53 divide 19612?
False
Is 103 a multiple of 46?
False
Is 127 a factor of 8174?
False
Is 7 a factor of 142?
False
Is 1275 a multiple of 75?
True
Does 17 divide 1938?
True
Does 24 divide 134990?
False
Does 12 divide 88980?
True
Is 14 a factor of 556?
False
Is 94 a factor of 5828?
True
Is 26 a factor of 1290?
False
Does 9 divide 2216?
False
Does 19 divide 209?
True
Is 62 a factor of 1276?
False
Does 27 divide 3339?
False
Does 8 divide 23232?
True
Does 28 divide 93?
False
Is 99942 a multiple of 44?
False
Is 1302 a multiple of 14?
True
Is 46 a factor of 4550?
False
Is 13 a factor of 104?
True
Is 56 a factor of 205698?
False
Is 1541 a multiple of 36?
False
Is 26502 a multiple of 21?
True
Does 5 divide 222?
False
Is 1517 a multiple of 41?
True
Is 23 a factor of 32867?
True
Is 83 a factor of 68469?
False
Is 3953 a multiple of 67?
True
Does 20 divide 995?
False
Is 17 a factor of 731?
True
Does 74 divide 30784?
True
Is 16 a factor of 5331?
False
Does 10 divide 340?
True
Is 6 a factor of 6502?
False
Is 1392 a multiple of 48?
True
Is 2712 a multiple of 7?
False
Is 149 a factor of 5192?
False
Does 25 divide 18837?
False
Does 27 divide 327?
False
Is 9108 a multiple of 70?
False
Is 13 a factor of 20379?
False
Does 2 divide 616?
True
Is 268 a multiple of 23?
False
Is 50 a factor of 5137?
False
Is 123 a factor of 5166?
True
Is 1312 a multiple of 41?
True
Does 187 divide 22142?
False
Is 3044 a multiple of 21?
False
Is 5684 a multiple of 58?
True
Does 11 divide 325?
False
Does 21 divide 252?
True
Is 70610 a multiple of 307?
True
Does 11 divide 1713?
False
Is 50752 a multiple of 14?
False
Is 20574 a multiple of 54?
True
Is 779 a multiple of 41?
True
Is 9 a factor of 2423?
False
Is 20 a factor of 480?
True
Does 58 divide 1450?
True
Is 20 a factor of 780?
True
Is 15668 a multiple of 16?
False
Does 7 divide 3129?
True
Does 9 divide 199?
False
Is 27840 a multiple of 8?
True
Does 111 divide 1281?
False
Does 19 divide 31514?
False
Is 3 a factor of 7995?
True
Does 8 divide 13075?
False
Does 16 divide 34891?
False
Is 10 a factor of 474?
False
Is 26 a factor of 31252?
True
Does 14 divide 14?
True
Does 17 divide 1309?
True
Is 4446 a multiple of 39?
True
Is 525 a multiple of 75?
True
Does 65 divide 46769?
False
Is 156 a factor of 66863?
False
Is 10023 a multiple of 7?
False
Is 129 a multiple of 7?
False
Is 37 a factor of 10047?
False
Is 109 a multiple of 4?
False
Is 23 a factor of 3498?
False
Is 16762 a multiple of 58?
True
Does 162 divide 1405?
False
Does 23 divide 17687?
True
Does 19 divide 10849?
True
Is 147 a multiple of 7?
True
Does 7 divide 7271?
False
Does 38 divide 50844?
True
Is 25 a factor of 17665?
False
Does 37 divide 333?
True
Is 23 a factor of 414?
True
Does 52 divide 18118?
False
Is 345 a multiple of 5?
True
Does 71 divide 5864?
False
Does 17 divide 150?
False
Is 36 a multiple of 19?
False
Is 29 a factor of 2233?
True
Is 8002 a multiple of 15?
False
Does 129 divide 9030?
True
Does 80 divide 31003?
False
Does 138 divide 71062?
False
Is 23 a factor of 3266?
True
Is 29 a factor of 56724?
True
Is 680 a multiple of 136?
True
Does 83 divide 4648?
True
Is 75 a multiple of 13?
False
Is 7480 a multiple of 44?
True
Does 32 divide 75940?
False
Is 2 a factor of 202?
True
Is 51 a factor of 510?
True
Is 18 a factor of 1620?
True
Does 9 divide 43146?
True
Is 144 a factor of 32077?
False
Does 79 divide 19513?
True
Is 1624 a multiple of 29?
True
Does 11 divide 10058?
False
Does 3 divide 104?
False
Is 132548 a multiple of 13?
True
Is 6127 a multiple of 73?
False
Is 8 a factor of 120112?
True
Does 449 divide 23797?
True
Is 13 a factor of 2043?
False
Is 37 a factor of 42587?
True
Does 47 divide 1044?
False
Is 8 a factor of 8032?
True
Is 21 a factor of 168?
True
Is 4256 a multiple of 44?
False
Does 4 divide 600?
True
Is 11 a multiple of 3?
False
Is 24 a factor of 55?
False
Does 68 divide 99960?
True
Does 22 divide 26?
False
Is 16544 a multiple of 32?
True
Is 30 a multiple of 3?
True
Is 21318 a multiple of 102?
True
Does 22 divide 1254?
True
Is 3 a factor of 834?
True
Is 48 a factor of 10032?
True
Is 20 a factor of 29320?
True
Does 16 divide 1770?
False
Is 7068 a multiple of 19?
True
Is 2 a factor of 2711?
False
Does 15 divide 3491?
False
Is 6048 a multiple of 7?
True
Is 253 a factor of 31106?
False
Is 270 a multiple of 8?
False
Is 972 a multiple of 10?
False
Is 2082 a multiple of 30?
False
Is 3204 a multiple of 69?
False
Is 1593 a multiple of 9?
True
Is 6480 a multiple of 20?
True
Is 13447 a multiple of 43?
False
Does 13 divide 2821?
True
Is 420 a multiple of 21?
True
Is 46584 a multiple of 9?
True
Is 8 a factor of 16069?
False
Is 52 a factor of 468?
True
Does 7 divide 12201?
True
Is 352 a multiple of 7?
False
Does 30 divide 3750?
True
Is 22 a factor of 1716?
True
Does 75 divide 2175?
True
Does 70 divide 13406?
False
Is 11645 a multiple of 9?
False
Is 9 a factor of 2430?
True
Is 22 a factor of 75460?
True
Is 444 a factor of 13320?
True
Does 8 divide 600?
True
Is 5263 a multiple of 22?
False
Does 69 divide 138?
True
Does 85 divide 1027?
False
Is 51 a factor of 28050?
True
Is 22270 a multiple of 262?
True
Does 18 divide 13108?
False
Does 5 divide 5760?
True
Does 15 divide 5231?
False
Is 31 a factor of 18394?
False
Is 23 a factor of 11431?
True
Is 4 a factor of 1128?
True
Is 6878 a multiple of 61?
False
Is 540 a multiple of 108?
True
Is 753 a multiple of 49?
False
Is 15872 a multiple of 128?
True
Is 453 a multiple of 100?
False
Is 21 a multiple of 16?
False
Does 51 divide 3308?
False
Does 39 divide 897?
True
Does 70 divide 700?
True
Is 5 a factor of 7870?
True
Is 1148 a multiple of 41?
True
Is 1365 a multiple of 105?
True
Is 24 a factor of 2880?
True
Is 3422 a multiple of 11?
False
Does 24 divide 1776?
True
Is 418 a multiple of 53?
False
Is 896 a multiple of 7?
True
Does 16 divide 3492?
False
Is 24 a factor of 40800?
True
Is 46110 a multiple of 58?
True
Does 68 divide 886?
False
Is 61 a multiple of 4?
False
Is 23 a factor of 18579?
False
Is 22 a factor of 34892?
True
Is 114 a factor of 2622?
True
Is 72 a factor of 3117?
False
Is 35 a factor of 4970?
True
Is 3 a factor of 820?
False
Does 67 divide 201?
True
Is 24 a factor of 2283?
False
Is 28 a factor of 31392?
False
Is 13188 a multiple of 21?
True
Does 22 divide 12760?
True
Is 320 a multiple of 20?
True
Does 16 divide 33406?
False
Does 33 divide 19404?
True
Is 2700 a multiple of 12?
True
Does 47 divide 15651?
True
Is 6324 a multiple of 5?
False
Does 86 divide 3010?
True
Is 2415 a multiple of 23?
True
Is 721 a multiple of 3?
False
Does 17 divide 170?
True
Does 24 divide 45000?
True
Is 4 a factor of 184?
True
Is 68186 a multiple of 30?
False
Is 567 a multiple of 112?
False
Does 18 divide 349?
False
Is 23371 a multiple of 39?
False
Is 67 a factor of 29279?
True
Does 28 divide 7537?
False
Is 163 a multiple of 9?
False
Is 2 a factor of 281?
False
Does 6 divide 1116?
True
Is 5218 a multiple of 72?
False
Is 18 a factor of 12446?
False
Is 384 a multiple of 8?
True
Does 11 divide 8503?
True
Do